ivisor of 207 and 46?
23
Calculate the highest common divisor of 436 and 3597.
109
What is the highest common factor of 11 and 341?
11
What is the greatest common divisor of 6664 and 748?
68
What is the highest common divisor of 19052 and 33?
11
What is the highest common divisor of 2037 and 63?
21
Calculate the greatest common divisor of 15 and 10635.
15
What is the greatest common divisor of 16 and 24?
8
What is the highest common factor of 205 and 25?
5
What is the greatest common factor of 2238 and 12?
6
What is the highest common divisor of 48 and 1356?
12
Calculate the greatest common divisor of 33 and 561.
33
What is the greatest common factor of 8673 and 49?
49
Calculate the highest common divisor of 9 and 45.
9
Calculate the highest common divisor of 324 and 564.
12
Calculate the greatest common divisor of 715 and 110.
55
What is the highest common factor of 406 and 14?
14
What is the highest common divisor of 102 and 2958?
102
Calculate the highest common divisor of 42 and 112.
14
What is the greatest common divisor of 335 and 20?
5
What is the greatest common factor of 4378 and 242?
22
What is the greatest common factor of 17 and 17357?
17
Calculate the highest common factor of 1856 and 580.
116
What is the greatest common divisor of 256 and 56?
8
What is the greatest common divisor of 58 and 145?
29
Calculate the highest common divisor of 355 and 5.
5
What is the greatest common factor of 306 and 396?
18
Calculate the highest common divisor of 12 and 12.
12
Calculate the highest common factor of 21 and 7651.
7
What is the highest common factor of 22980 and 120?
60
What is the highest common divisor of 1624 and 1856?
232
What is the greatest common factor of 663 and 1428?
51
What is the greatest common factor of 551 and 1007?
19
What is the greatest common divisor of 30 and 3?
3
What is the greatest common factor of 451 and 22?
11
What is the greatest common factor of 40 and 260?
20
Calculate the greatest common divisor of 1053 and 689.
13
Calculate the highest common divisor of 72 and 7758.
18
What is the greatest common factor of 7105 and 1225?
245
What is the greatest common divisor of 201 and 3?
3
Calculate the greatest common factor of 434 and 186.
62
What is the greatest common factor of 42 and 96?
6
What is the greatest common divisor of 144 and 324?
36
Calculate the highest common divisor of 595 and 170.
85
Calculate the highest common divisor of 360 and 18072.
72
Calculate the highest common factor of 31 and 26443.
31
What is the greatest common divisor of 3478 and 94?
94
What is the highest common divisor of 27228 and 12?
12
What is the highest common divisor of 51 and 255?
51
What is the greatest common divisor of 12 and 354?
6
What is the greatest common divisor of 80 and 130?
10
Calculate the greatest common factor of 104 and 130.
26
What is the greatest common factor of 15 and 18?
3
Calculate the greatest common factor of 24 and 1048.
8
What is the greatest common factor of 16 and 6224?
16
What is the greatest common divisor of 483 and 14?
7
Calculate the highest common divisor of 212 and 1325.
53
Calculate the highest common factor of 17 and 697.
17
Calculate the greatest common divisor of 1392 and 48.
48
What is the highest common factor of 13583 and 94?
47
What is the greatest common factor of 11 and 275?
11
Calculate the highest common divisor of 82 and 697.
41
What is the highest common divisor of 1023 and 33?
33
What is the greatest common divisor of 10 and 170?
10
Calculate the highest common divisor of 1128 and 470.
94
Calculate the greatest common divisor of 2771 and 163.
163
What is the greatest common divisor of 7 and 3?
1
Calculate the highest common divisor of 32 and 128.
32
Calculate the highest common factor of 9 and 114.
3
What is the greatest common factor of 4100 and 200?
100
Calculate the highest common factor of 2821 and 364.
91
What is the highest common factor of 1162 and 182?
14
Calculate the highest common factor of 11934 and 27.
27
Calculate the greatest common divisor of 70 and 28.
14
Calculate the highest common factor of 10408 and 16.
8
Calculate the highest common factor of 260 and 1079.
13
What is the highest common divisor of 297 and 27?
27
What is the greatest common divisor of 625 and 100?
25
Calculate the greatest common divisor of 168 and 147.
21
What is the greatest common divisor of 78 and 1014?
78
Calculate the greatest common divisor of 45 and 225.
45
Calculate the greatest common factor of 1452 and 36.
12
Calculate the greatest common factor of 880 and 464.
16
Calculate the greatest common factor of 16 and 6.
2
Calculate the highest common factor of 12 and 2364.
12
What is the greatest common divisor of 4155 and 30?
15
Calculate the greatest common divisor of 103 and 1.
1
Calculate the greatest common factor of 376 and 141.
47
Calculate the highest common divisor of 266 and 406.
14
Calculate the highest common factor of 2662 and 44.
22
What is the highest common divisor of 198 and 22?
22
Calculate the highest common divisor of 182 and 286.
26
What is the greatest common factor of 656 and 287?
41
Calculate the greatest common divisor of 45 and 30.
15
What is the greatest common factor of 6026 and 92?
46
Calculate the highest common divisor of 105 and 7707.
21
What is the highest common divisor of 8 and 55672?
8
Calculate the highest common divisor of 13 and 767.
13
Calculate the highest common factor of 36 and 1422.
18
What is the highest common factor of 34 and 4726?
34
What is the highest common factor of 6 and 1614?
6
What is the greatest common factor of 125 and 50?
25
What is the greatest common factor of 351 and 3375?
27
What is the highest common divisor of 18 and 2892?
6
What is the highest common divisor of 13902 and 14?
14
What is the highest common divisor of 7 and 2?
1
Calculate the highest common divisor of 47 and 3995.
47
Calculate the greatest common divisor of 132 and 12.
12
Calculate the greatest common divisor of 3 and 27.
3
What is the greatest common factor of 192 and 5832?
24
What is the highest common divisor of 468 and 104?
52
What is the highest common divisor of 26 and 351?
13
Calculate the greatest common factor of 39 and 12.
3
Calculate the highest common factor of 612 and 180.
36
Calculate the highest common divisor of 4 and 16.
4
Calculate the highest common divisor of 51 and 289.
17
Calculate the highest common divisor of 2 and 192.
2
What is the greatest common factor of 110 and 275?
55
Calculate the highest common factor of 44 and 121.
11
What is the greatest common factor of 210 and 30?
30
Calculate the greatest common divisor of 363 and 165.
33
What is the highest common factor of 37 and 3293?
37
Calculate the greatest common divisor of 124 and 2077.
31
Calculate the greatest common factor of 1197 and 38.
19
Calculate the greatest common factor of 321 and 82176.
321
What is the greatest common divisor of 175 and 3125?
25
What is the highest common divisor of 2024 and 16?
8
What is the highest common factor of 351 and 108?
27
Calculate the greatest common factor of 14 and 14.
14
Calculate the highest common factor of 80 and 384.
16
What is the greatest common factor of 27 and 18603?
27
What is the highest common factor of 448 and 42?
14
Calculate the highest common divisor of 46 and 1679.
23
Calculate the highest common divisor of 5825 and 50.
25
What is the greatest common divisor of 225 and 825?
75
Calculate the highest common factor of 1261 and 78.
13
What is the greatest common factor of 10 and 1970?
10
Calculate the greatest common factor of 50 and 12050.
50
What is the greatest common factor of 99 and 55?
11
What is the highest common factor of 7756 and 28?
28
What is the greatest common divisor of 575 and 40?
5
Calculate the greatest common factor of 1 and 269.
1
What is the highest common divisor of 19 and 19?
19
What is the greatest common divisor of 60 and 6195?
15
Calculate the highest common divisor of 781 and 55.
11
Calculate the highest common factor of 28 and 7.
7
What is the highest common factor of 1344 and 63?
21
What is the greatest common divisor of 3125 and 10?
5
Calculate the greatest common factor of 116 and 8236.
116
Calculate the highest common divisor of 32 and 3616.
32
Calculate the highest common divisor of 4 and 36